-10
What is the value of 5 + (-4 - (-7 - -11))?
-3
-2 - (-2 + (4 + -3 - 4))
3
What is (-1 - 1) + (-3 - -3) + 7?
5
(-5 - -5) + -2 + 5
3
Evaluate 3 + (2 - 3 - -3) + -3.
2
-2 + (2 - -1) - (7 - 1)
-5
Evaluate (1 - -1) + -2 + (-22 - -18).
-4
Calculate 3 + 3 + -4 - 6.
-4
Evaluate (-9 - 3 - 3) + (0 - -7).
-8
Evaluate 3 + 4 + (-18 - (6 + -12)).
-5
What is 1 - -3 - (4 + 5 + -8)?
3
-15 + 8 - (-9 + 3)
-1
(0 - 3) + -6 + 1 + 10
2
What is 1 - (2 - -3) - -9?
5
Calculate 8 - (6 - 6) - 9.
-1
What is -6 - (8 - 14 - 3)?
3
(5 - 0) + -10 - (3 - 2)
-6
Evaluate 14 - 5 - 10 - 6.
-7
28 + -27 - (1 - (-1 - 1))
-2
(-10 - (6 - 5)) + 12
1
Calculate 7 + (7 - (4 - -14)).
-4
What is -1 + 3 + 3 + -6 + 3?
2
What is the value of 3 + -2 + (-12 - -16)?
5
What is the value of 3 - (0 - (-6 + 2))?
-1
6 - (6 + 1 + 0)
-1
Calculate 15 + -9 + (1 - 9).
-2
(4 - 23) + 12 - -5
-2
Calculate -16 + 10 - (4 - 6).
-4
-7 + 7 + (3 + -3 - 3)
-3
What is 7 - (4 + 5 + (-1 - -3))?
-4
What is the value of -5 + (8 - -3) - 11?
-5
What is the value of -4 + (-8 - -6) + 0?
-6
What is the value of -8 + 4 - (-4 + 2)?
-2
What is the value of 3 + (-1 - (3 + -2))?
1
What is -5 + -3 + (3 - 3) + 3?
-5
Evaluate 2 + -3 + (-1 - 3).
-5
What is 1 - 7 - (-2 + 1)?
-5
2 + 1 - ((-2 - -1) + -4)
8
Evaluate 0 + (-3 - 0) - 2.
-5
-5 + (9 - (-5 + 10))
-1
Evaluate -1 - (0 - 3 - 0).
2
Evaluate 8 + -11 - (-3 + 1 + 1).
-2
-3 - -5 - (0 - -6)
-4
What is the value of -6 + (1 - 6 - (-18 + 12))?
-5
Evaluate 3 + (0 + 4 - 3).
4
Calculate -3 + (-1 + 1 - (4 - 3)).
-4
Calculate 1 + (0 + 7 - (-27 - -29)).
6
What is 3 + -8 + 8 + 1?
4
Evaluate 4 + (-12 - -3) + 7.
2
Calculate (2 - 5) + (4 - 1).
0
What is the value of -1 + 2 - 7 - -12 - 16?
-10
Calculate (5 - (9 - 5)) + -1 - 4.
-4
What is 3 + 3 + 5 + -6?
5
What is the value of 7 + -3 + (4 - -2) + -9?
1
(4 + -6 - 1) + 6
3
What is 1 - 10 - (-7 - -3)?
-5
What is 8 + 12 + (-12 - 16)?
-8
What is the value of 7 + -7 + (5 - 1) - 3?
1
What is the value of -1 + (-3 - -2) - -3?
1
Calculate 10 + -10 + 1 + 2.
3
What is the value of 0 + 5 + -3 + -2?
0
2 + 7 + (-2 - 2)
5
Calculate -7 - (-4 + 1) - (7 + -9).
-2
What is the value of -4 + 0 + 6 + -11 + 9?
0
What is the value of (-2 - -8) + -13 - -2?
-5
Evaluate 6 + -24 + 11 + -2.
-9
What is 1 + (-9 - (-6 - -3))?
-5
Calculate 0 + -1 - (276 + -284).
7
Calculate -9 - (-7 - (3 + -4 + -2)).
-5
Calculate -115 + 105 - (-8 - (2 + -3)).
-3
What is 40 + -45 + -1 + 7 + -7?
-6
What is 4 + 0 + -10 + 2 + 5?
1
What is -4 + (0 - -5) + -1?
0
Evaluate 22 + -18 - (-1 + 1).
4
What is the value of 3 - (-6 + (13 - 9))?
5
What is 0 + 2 + 0 + (-4 - -5)?
3
Calculate -3 - ((-6 - -3) + -6).
6
What is the value of 0 + -1 + (-1 + -3 - -5)?
0
What is the value of 6 - (15 - 11) - (11 + -1)?
-8
What is the value of (6 - 4) + -13 + 10?
-1
What is the value of 1 + -2 + (-11 - (-1 + -10))?
-1
Evaluate -3 + 10 - (4 - 2).
5
What is the value of -3 + 0 - (-3 - -4)?
-4
Evaluate 5 + (-4 - 5) - -8 - 9.
-5
Evaluate (2 - 7 - (0 + -6)) + 2.
3
1 - (6 - (-5 - -5)) - -7
2
Calculate (9 - (4 + 2 - 7)) + -4.
6
What is the value of -1 - 8 - (6 + -14 - -4)?
-5
What is the value of -6 + 0 + 4 - -4 - 8?
-6
Calculate 0 + (1 - 0) + 4.
5
4 + 5 - (18 - 8)
-1
Evaluate 6 + 3 + -1 + -2 + -1.
5
Evaluate (4 - (2 - 6)) + -6.
2
Evaluate (-11 - -1) + (-19 - -27).
-2
Calculate -2 - 3 - (44 + -42).
-7
8 + -3 - (0 + 2 - 0)
3
What is -6 - -1 - (-2 - 23 - -24)?
-4
-17 + 14 + 4 + -8
-7
Calculate 1 + 4 + -6 + 2.
1
What is -7 + 5 + 2 + -5 - -1?
-4
Evaluate 1 + -8 + -46 + 58.
5
What is 3 - (4 + (-16 - -6) - -12)?
-3
Evaluate -1 - (2 - 3) - (7 - 10).
3
What is the value of -3 + (5 - 3) - (-7 - 1)?
7
What is (4 - (1 - -1)) + -1?
1
Calculate 1 + 2 + 9 + -8 + -1.
3
What is (-6 + 10 - 1) + -8?
-5
Calculate 0 + 3 + 0 + 0 + -4.
-1
What is the value of 9 - 11 - 0 - 6?
-8
Evaluate (-7 - -18) + -7 - 1.
3
What is the value of (-4 - -1) + (4 - (2 - 0))?
-1
What is 4 + -1 - (1 + 2) - -5?
5
Calculate 6 + 1 - (-47 + 52).
2
What is the value of 3 + -9 - (-3 - 9)?
6
Calculate -12 + -27 + 25 + (0 - -7).
-7
Calculate -6 - ((-2 - 1) + -39 + 36).
0
Calculate 1 - (11 - (1 + 5)).
-4
Calculate 1 - (3 + (1 - -1)).
-4
What is the value of -3 + 10 + (-16 - -10) + 7?
8
Calculate (8 - 18 - -6) + -2.
-6
Evaluate -9 + 14 + 1 + -2.
4
What is the value of -9 - (3 + -11 - -7)?
-8
Evaluate -97 - -81 - (-10 + (-2 - -4)).
-8
12 - 5 - 3 - 1
3
Evaluate -6 - (-4 - 8 - -9).
-3
What is the value of 15 - (22 + -10) - 10?
-7
What is the value of 20 + -11 + -8 + (-2 - 0)?
-1
Evaluate 0 - (-3 - (-6 + 9)) - 10.
-4
Calculate -2 + (-2 - (1 + 1)) - -3.
-3
Evaluate 10 - 17 - (-7 - 7).
7
Calculate -3 - -8 - (2 - (-1 - -2)).
4
What is 8 - (8 - (-5 + 8))?
3
Calculate -28 + 24 - (-2 + -8).
6
Evaluate -5 + 7 + 8 - 7.
3
What is 3 - (11 + 1 - 8)?
-1
Evaluate 5 + -6 + (-2 - -3).
0
What is the value of (-9 - -2) + (0 - 2 - -4)?
-5
Evaluate 2 - ((3 - 3) + 1 - -1).
0
-3 + -2 + 3 - 2
-4
Evaluate 8 + 4 + -10 + 1 + 1.
4
What is the value of -8 + 8 + 1 + 1 - 0?
2
Evaluate -7 - (5 + -7) - 0.
-5
What is the value of 8 + -13 + 5 + -3?
-3
What is the value of (5 - -2) + -5 + (4 - 1)?
5
What is -6 + 10 + -5 - (-1 + 3)?
-3
What is the value of -5 - -1 - (-2 - (0 + 3))?
1
What is -4 - -1 - (11 + -4 - 4)?
-6
What is the value of 6 + -2 - (0 - (-4 - -2))?
2
What is the value of -2 - (-2 + 6 - 3)?
-3
What is the value of (-7 - (0 + -4)) + 0?
-3
Calculate -5 + 5 + -1 + 6 + -2.
3
What is the value of -10 - (-11 - -1 - 5)?
5
Evaluate (-1 - (-4 + 7)) + (-2 - 1).
-7
(9 - 9) + (-3 - 1)
-4
Evaluate -4 - ((-1 - 6) + 2).
1
Evaluate -4 + 0 + -1 + 5 + 6.
6
What is -1 + (0 - -6 - (8 - 1))?
-2
(-9 - -2) + (-1 + 5 - 0)
-3
What is the value of 1 + (-19 - -5) - -6?
-7
55 + -61 - (2 - 10)
2
What is the value of (0 - (0 + -4)) + (-18 - -8)?
-6
Calculate -4 + (-2 - (-4 - 5)) + -1.
2
Evaluate (12 - -5 - 8) + -11.
-2
Calculate 3 - (-1 + 4 - -3) - -2.
-1
What is 6 + (-3 - -1) + 0?
4
What is the value of 4 + (-2 - -7 - 10) + -5?
-6
Calculate 1 + 10 - 4 - 6.
1
What is the value of (8 - 1 - 7) + 5?
5
-3 - (11 + -6 + (0 - 1))
-7
What is the value of -3 + (4 - (0 - 1))?
2
What is (2 + -1 - (-9 + 7)) + -4?
-1
What is 4 - (12 - 5) - -2?
-1
-4 + 6 + -4 + 2 + 7
7
Calculate -12 + -8 + (8 - -3).
-9
What is the value of 0 - (7 + -3 - 1)?
-3
Evaluate (-1 - 0 - (7 - 7)) + 6.
5
Calculate (1 - -3) + 2 + -6 - -3.
3
Evaluate 12 - 10 - (-7 + 1).
8
What is -2 + (-2 - (-1 - -2) - -3)?
-2
What is -5 + (1 - -3) + 5?
4
What is -4 - -7 - (1 + -2)?
4
Calculate 0 + -2 + (-5 - -7).
0
What is the value of -2 - -17 - 4 - 16?
-5
What is the value of -10 + -6 + 10 + 4?
-2
What is -9 + (8 - (10 + -7))?
-4
What is 4 - (-2 + (-1 - -4))?
3
What is 0 - 3 - (16 - 18)?
-1
What is (-2 - -3 - 5) + 4?
0
0 - 2 - (16 + -23)
5
Evaluate (-7 - -4) + -6 + 4.
-5
Evaluate -2 - 2 - ((2 - 1) + -5).
0
What is 0 + -3 + 1 + -2?
-4
Calculate 8 - (-1 + 19 + -3) - -6.
-1
What is the value of 4 + (-6 - 5) - -7?
0
What is (4 - 3) + 1 + -1?
1
Evaluate -1 - (-11 + 1 - (-21 - -18)).
6
Evaluate -3 + (-3 - -10) + (1 - 5).
0
Calculate -2 - -6 - 6 - 1.
-3
Evaluate -1 + (0 - -4) + -3.
0
What is the value of -3 + 5 + -1 + 1 + -1?
1
What is -5 - (5 - -6) - -8?
-8
What is the value of -4 + 4 - (-1 - 0)?
1
Evaluate 5 - (-3 + 5 + 3).
0
(-1 - (7 + 1 + -6)) + 4
1
-2 + -6 + -1 + 15 + 2
8
What is the value of -10 + (-3 - (-2 + -8))?
-3
What is 0 - 4 - -2 - 3?
-5
What is (-1 - 1) + 2 - 3?
-3
What is the value of 0 - 2 - (8 + -9 - 2)?
1
What is the value of (-110 - -127) + -12 + 0?
5
What is the value of (0 - 4) + 12 + -4?
4
What is the value of 1 - -2 - ((-2 - -6) + -5)?
4
-2 + 9 + -4 + (-4 - 2)
-3
11 + -3 + -3 - (-13 + 12)
6
Calculate 0 + 1 + (-11 - -8).
-2
Evaluate -1 - 1 - (9 - 16).
5
What is 4 - (12 + -4) - (0 + -3)?
-1
What is -2 + 0 - (2 - 2) - -7?
5
What is 1 + 0 + -3 - (-11 - -4)?
5
Calculate 2 - (1 - (-4 - -2)) - 2.
-3
What is the value of 6 - (1 - (4 + (-4 - -1)))?
6
-4 + -8 + 4 - (4 + -5)
-7
(-4 - -3 - 0 - 5) + 1
-5
Calculate 29 - 9 - (3 - -9).
8
What is the value of 4 + 2 + -22 + 19?
3
What is 4 - 2 - (2 + -1 - 4)?
5
Calculate 1 + 4 - -3 - 4.
4
What is -8 - (-2 - -1) - (-120 - -123)?
-10
What is 3 + 1 - (-19 + 23)?
0
What is the value of -1 + 0 + 1 + -3 + 1?
-2
Evaluate -11 - ((-7 - 5) + 4).
-3
-12 + 8 + -2 - (1 - 2)
-5
Evaluate 0 + 5 + -12 + 8.
1
What is (-2 - 7) + 5 + -2 + 7?
1
Evaluate 10 - 3 